t r(z) = -17*z + 226. Let y(w) = -w**2 + 76. Let u be y(-8). What is the remainder when 208 is divided by r(u)?
10
Let t = -5176 - -5313. What is the remainder when t is divided by 69?
68
Let k = -6722 - -6735. Calculate the remainder when 712 is divided by k.
10
Suppose 3*s - 431 = 4*l + 120, 4*l = s - 189. Calculate the remainder when 1104 is divided by s.
18
Let r = 78 - 73. Suppose 2*h - 3*z + 7 = -9, -r*z = -5*h - 30. Calculate the remainder when 25 is divided by (-4 - (-2 - 1))/(h/6).
1
Let o = -527 - -804. Let k(t) = -24*t - 4. What is the remainder when k(-3) is divided by (-12)/288*2 + o/12?
22
Let a = -31 + -5. Let o be (-18)/(-4)*(-120)/a. Let f(g) = 17*g - 41. Calculate the remainder when f(o) is divided by 55.
49
Suppose 304 = 4*m + n, m - 3*n - 12190 = -12127. What is the remainder when m is divided by (-4)/18 + 490/18?
21
Suppose 5 = -44*q + 43*q. What is the remainder when 50 is divided by (-4)/(20/5 + q)?
2
Let h = 20274 - 20268. Calculate the remainder when 1095 is divided by h.
3
Let k(p) = 35*p + 1. Let v(x) = -69*x - 2. Let q(g) = 5*k(g) + 3*v(g). Calculate the remainder when 250 is divided by q(-2).
61
Let k(i) = -366*i**3 + 2*i**2 + 158*i + 317. What is the remainder when k(-2) is divided by 21?
18
Let z(i) = 121*i + 199. What is the remainder when 105 is divided by z(-1)?
27
Let y(d) = 3*d - 9. Let r be y(-11). Let l = -331 - -318. Let z = l - r. What is the remainder when 86 is divided by z?
28
Suppose 39*y = 21*y + 23*y - 365. Calculate the remainder when 170 is divided by y.
24
Suppose 1 = s, -2*s + 50 = 4*u + 8. Let x be 1/u - 116/(-40). Let q = x + 11. Calculate the remainder when 27 is divided by q.
13
Suppose -32*w - 204 = -36*w. Suppose w*g - 336 = 37*g. What is the remainder when 0 + (4 - 2 - -89) is divided by g?
19
Let r = -528 + 783. What is the remainder when r is divided by 86?
83
Let o(i) = -8*i - 3. Let p be o(-4). Suppose 2*g + 41 = -4*s + 5, 5*g = -s - 72. Let a = p + g. Calculate the remainder when 72 is divided by a.
12
What is the remainder when 4803 is divided by 3 - 77/35 - (0 - (-2282)/(-10))?
223
Suppose -2*i + 6885 = 43*i. What is the remainder when i is divided by 23?
15
Let k(q) = -1094*q - 9764. Calculate the remainder when 105 is divided by k(-9).
23
Suppose 15716 = 16*g + 13556. Let a = 34 + -14. Calculate the remainder when g is divided by a.
15
Suppose -l = 2*p - 4, 2*l - 45 = 4*p - 13. Calculate the remainder when 89 is divided by l.
9
Suppose 0 = -n - p + 33, 2*p - 45 + 11 = -n. Let v = n - -4. What is the remainder when v is divided by 28?
8
Let w(l) = 3*l**3 + 2*l**2 - 5*l + 2. Let m be w(3). Let b = m - 48. Let x = b + -30. What is the remainder when 13 is divided by x?
5
Let k = 94 + -104. What is the remainder when 23 is divided by (-8)/k*((-60)/6)/(-2)?
3
Suppose -9 = -4*a + 15. What is the remainder when 829155/10020 - 6/8 is divided by a?
4
Let k(w) = -44*w + 846. Calculate the remainder when 143 is divided by k(18).
35
Let g(d) = 9*d**2 + 10*d + 12. Let v be g(-5). Suppose 4*o + z = v, 2*o = -z - 0*z + 91. What is the remainder when o is divided by 26?
22
Suppose 2*h = -5*n + 67, 0 = -n + 5*h - 19. What is the remainder when 1604 is divided by n?
9
Suppose -3*s = -26 + 20. Suppose 1 = s*i - 3*g, 2*i - g + 6 = -5*g. What is the remainder when 99 is divided by (i - 26/(-10))*25/2?
19
Calculate the remainder when (-25 + 15557/141)/((-1)/(-3)) is divided by 50.
6
Let o(r) = r**3 + 17*r**2 + 27*r - 38. Let z be o(-15). Suppose -300 - 22 = -z*q. What is the remainder when 182 is divided by q?
44
Let p = -31 + 35. Suppose 0*w + 46 = 5*w + 4*f, -f - 20 = -4*w. What is the remainder when 147/p - (-15)/60 is divided by w?
1
Let s = -2058 + 2145. Calculate the remainder when 246 is divided by s.
72
Let p = 12 - 12. Let r = 0 - p. Suppose 8*z - 12*z + 36 = r. What is the remainder when z is divided by 7?
2
Let g(a) = -3*a**3 - 22*a**2 - 46*a - 17. What is the remainder when 1031 is divided by g(-6)?
111
Let d = 10888 + -10831. Let x(c) = 6*c**2 - 6*c - 4. Calculate the remainder when x(8) is divided by d.
47
Calculate the remainder when 301 is divided by 64728/(-620)*(-10)/6.
127
Suppose 273*p = 284*p - 22. Suppose 2*r - 63 + 11 = -p*t, -r + 41 = -4*t. What is the remainder when 113 is divided by r?
26
What is the remainder when (6/(-20) + -14 + 814/55)*10868 is divided by 37?
32
Suppose -5*k + 76 = -679. Let u = k + -128. What is the remainder when 42 is divided by u?
19
Suppose 15*t + m + 0*m - 1576 = 0, -5*m = 3*t - 320. What is the remainder when 166 is divided by t?
61
Suppose 0 = -14*l - 172 + 368. Let g(p) = -3*p**2 + 1 - 3*p + 2 + 0 - p**3. Calculate the remainder when g(-5) is divided by l.
12
Suppose -p - 3*p = 2*s - 16, 3*s = -2*p + 28. Let o be 55/(-10)*s + -1 + 1. Let y = o - -68. Calculate the remainder when y is divided by 8.
5
Suppose -2*a = 20 - 20. Suppose a = -8*z + 703 - 79. Suppose -l + 12 + 8 = 0. What is the remainder when z is divided by l?
18
Let g = -27 + 30. Suppose -4*p - 41 + 33 = 0. Let q = 5 + p. Calculate the remainder when g is divided by q.
0
Calculate the remainder when 3706 is divided by ((-38)/(-6))/((-987)/63 + 16) - 7.
10
Suppose 0 = 5*b - 4*i - 100, 21 - 6 = -3*i. What is the remainder when 13336/296 + 18/(-333) is divided by b?
13
Let r be (-72)/(-20)*15/9. Suppose 93 - r = 3*l. What is the remainder when 137 is divided by l?
21
Let a be (2/6)/(370/75 + -5). What is the remainder when (-1980)/(-150) - 4/a is divided by 3?
2
Suppose s = -166*s + 731338 - 17914. Calculate the remainder when s is divided by 91.
86
Suppose -23*v + 358 = -148. Calculate the remainder when v*(24/8 + 1/(-2)) is divided by 10.
5
Suppose 4*h = -2*b + 172, -4*h - 49 + 223 = b. Suppose -3*l + 0*a + 2*a = -74, 2*l - 4*a = h. Calculate the remainder when l is divided by 15.
11
What is the remainder when 1*(-176703)/(-27) + (-14 - 130/(-9)) is divided by 52?
45
Let x be -1*(2 - 3) + 0. Suppose 5 = 4*f + x. Calculate the remainder when (-3 - -4) + 9 + (-70)/10 is divided by f.
0
Suppose 6 = -2*v - 100. Suppose 2*u = l + 20 + 15, -3*l = 3*u - 66. Let b = u - v. Calculate the remainder when b is divided by 37.
35
Let k(a) = 2*a**2 + 58*a - 260. Calculate the remainder when k(-35) is divided by 23.
22
Let a = -21 - -10. Let n = a + 21. Suppose -71 = -14*s + 13. What is the remainder when n is divided by s?
4
Let d(g) = -20*g - 1405. What is the remainder when d(-80) is divided by 42?
27
Let i(y) = -2*y**3 - 25*y**2 + 49*y + 461. Calculate the remainder when 517 is divided by i(-14).
154
Let s = 1299 - 1281. Calculate the remainder when 1367 is divided by s.
17
Let o be 36/60 - 7/(35/(-12)). Suppose -52 - 15 = -o*x - 5*h, -4*x + 51 = -h. Let k(r) = -r + 10. Calculate the remainder when x is divided by k(6).
2
Suppose 0 = 3*p - 3 - 66. Let q be ((-3)/((-9)/12))/2. What is the remainder when (q/6)/(2/(-3))*-318 is divided by p?
21
Suppose 5*z + 30216 = 6*x, -x - 66*z + 69*z + 5049 = 0. What is the remainder when x is divided by 68?
67
Suppose 9*p = 71 + 82. Let k = -13 - p. What is the remainder when 5 is divided by 1/3*k/(-2)?
0
Let a = -4993 - -5325. Calculate the remainder when a is divided by 66.
2
Suppose -33*t + 15*t + 72 = 0. Let u be 444/10 - 4/10. Suppose -t*o + 6*o - u = 0. Calculate the remainder when o is divided by 12.
10
Let c(n) = 8 - 37 + 5*n + 105 + 116 - 27*n. Suppose 0 = 4*q + j - 15 + 3, 3*q = -5*j + 9. Calculate the remainder when c(8) is divided by q.
1
What is the remainder when ((-201)/(-9))/(2 - (-10)/930*-185) is divided by 99?
97
Let w(r) = -r**3 - 65*r**2 + 363*r + 920. Calculate the remainder when 6617 is divided by w(-70).
7
Let i = -8904 - -9324. What is the remainder when i is divided by 39?
30
Suppose 7*j = 4*j + 87. Suppose -24 = 5*p - j. What is the remainder when ((-935)/(-10) - -1) + p/(-2) is divided by 19?
18
Suppose 5*p + 809 = a - 103, 0 = 5*a - 10. Let t = p - -207. What is the remainder when 61 is divided by t?
11
Suppose -6*s - 432 = -12*s. Calculate the remainder when 87 is divided by 16/6*486/s.
15
Suppose 213*x - 12701 = -3329. What is the remainder when 382 is divided by x?
30
Let b(t) = 2*t**2 + 18*t + 83. Calculate the remainder when 206 is divided by b(-5).
34
Let k be 532 - -7 - (-6 - -5). Suppose 41*h = 29*h + k. Calculate the r